
What is 2401501 (base 10) in base 4?
21022103131
-80ba67 (base 12) to base 2
-111101011000000101111
-161008 (base 14) to base 7
-6361011
-326170 (base 9) to base 2
-101111100011100011
Convert 44244 (base 11) to base 3.
10021000222
13644b (base 12) to base 9
540675
Convert 38269a (base 11) to base 4.
2103122002
31e19 (base 15) to base 6
3221240
What is -16545142 (base 8) in base 16?
-3aca62
1200112002102 (base 3) to base 8
3326006
What is -a2896 (base 13) in base 15?
-5b56e
What is 12003233222 (base 4) in base 2?
110000011101111101010
Convert 211500442 (base 6) to base 13.
a0558a
13422a0 (base 11) to base 13
6313b4
6361313 (base 7) to base 6
24310245
-180214 (base 9) to base 15
-23177
11110011100110101111 (base 2) to base 16
f39af
What is 101111010 (base 4) in base 14?
1bc20
Convert 1300221222 (base 4) to base 7.
3631146
72884a (base 11) to base 6
41012501
What is 12333112033 (base 4) in base 10?
1832335
455388 (base 11) to base 3
1100210212012
Convert 12201343 (base 7) to base 2.
100001010110101110000
Convert 25d7e (base 16) to base 15.
30ddb
202640 (base 7) to base 8
103476
Convert 160236266 (base 7) to base 14.
15db436
Convert -201583 (base 9) to base 8.
-351013
What is -2174776 (base 12) in base 5?
-3112431322
Convert 21094 (base 15) to base 3.
12022201011
-244004423 (base 5) to base 11
-720194
Convert -452418 (base 9) to base 3.
-111202110122
Convert 10201010012210 (base 3) to base 2.
111100001000111010011
410205044 (base 6) to base 13
15b8030
-3001201321 (base 4) to base 5
-200331242
Convert -2b7c1 (base 16) to base 5.
-21144423
What is -110001111110110000010 (base 2) in base 16?
-18fd82
Convert -13320310330 (base 4) to base 3.
-10220001110011
Convert 1782456 (base 9) to base 4.
3303323001
What is 3032231012 (base 4) in base 16?
ceb46
Convert 82103 (base 11) to base 2.
11101010001101010
101020120311 (base 4) to base 10
4490805
-1223333213 (base 4) to base 7
-3521426
What is -bf1595 (base 16) in base 7?
-211304626
Convert 139636 (base 12) to base 2.
1001111111101001010
Convert -905aa (base 12) to base 7.
-1410400
Convert -74142 (base 12) to base 11.
-a4437
100010202021210 (base 3) to base 11
2817aa0
Convert 20010112221 (base 3) to base 11.
82747
Convert -100110101011111111100 (base 2) to base 5.
-311031313
20032203103 (base 4) to base 13
5a68b3
Convert -122201 (base 12) to base 2.
-1000111110010100001
-42314154 (base 7) to base 14
-694064
What is 11110101000101001001011 (base 2) in base 10?
8030795
Convert -3e5ee (base 15) to base 16.
-30f1a
-303313022 (base 5) to base 14
-23dd17
What is -17420030 (base 8) in base 6?
-223133144
Convert 96a2a (base 13) to base 7.
2211610
4072651 (base 9) to base 16
212af1
4403071 (base 8) to base 15
184ee6
-38a8 (base 16) to base 3
-201220012
What is -17e8e0 (base 16) in base 3?
-2221121102222
-4033401044 (base 5) to base 12
-286b253
What is -809319 (base 14) in base 8?
-20404733
What is -201315 (base 6) in base 14?
-5b0b
10103013213 (base 4) to base 13
305bc8
577884 (base 11) to base 7
10542506
Convert 2217271 (base 8) to base 3.
1010100212122
Convert 10011100101001000010 (base 2) to base 6.
21430214
What is -3157265 (base 8) in base 2?
-11001101111010110101
What is 3bd059 (base 14) in base 16?
1f9cf7
300231203332 (base 4) to base 8
60554376
10220230022 (base 4) to base 15
190112
581775 (base 9) to base 3
122201212112
Convert -225822 (base 13) to base 12.
-331b49
Convert -200030130112 (base 4) to base 6.
-500520034
-207472 (base 8) to base 4
-100330322
Convert -84995 (base 10) to base 14.
-22d91
Convert 3040244 (base 6) to base 5.
14122002
Convert 2ead4 (base 16) to base 2.
101110101011010100
Convert -1322b60 (base 13) to base 7.
-102014533
What is 503442 (base 6) in base 9?
60408
What is 201e4e (base 15) in base 16?
174665
Convert -275b2 (base 13) to base 7.
-424155
-21811d4 (base 14) to base 12
-53b1786
-101000010100001010000 (base 2) to base 5
-314233130
What is 21ab9 (base 12) in base 10?
44781
-10011122000 (base 3) to base 9
-104560
What is 15512102 (base 6) in base 3?
1001010202102
What is -345098b (base 13) in base 9?
-33273734
Convert -122322121013 (base 4) to base 10.
-7054919
5267bf (base 16) to base 3
101011101002221
Convert 44378 (base 14) to base 3.
22101210111
What is 1a9b71 (base 13) in base 10?
678627
Convert 2934048 (base 12) to base 10.
8280632
Convert -11223303021 (base 5) to base 3.
-212220212210122
Convert 5816462 (base 9) to base 4.
23332310300
What is -ceb05 (base 16) in base 13?
-23845b
What is 112312 (base 8) in base 16?
94ca
Convert 6ae80 (base 15) to base 13.
bc151
-45612126 (base 7) to base 15
-53b260
What is -515544 (base 8) in base 6?
-3354552
7091167 (base 10) to base 4
123003033133
-112200112 (base 4) to base 6
-1550434
What is 4c4576 (base 13) in base 4?
13000221002
-11220021012 (base 3) to base 2
-10111100010100110
11001011011011100000000 (base 2) to base 11
3843286
What is -3210310 (base 7) in base 6?
-12201244
What is 22b371 (base 13) in base 5?
202340344
Convert 443011 (base 5) to base 9.
23080
What is -288b2 (base 14) in base 15?
-1eba8
Convert 747702 (base 9) to base 3.
211121210002
-41058 (base 14) to base 8
-461506
Convert 46521 (base 14) to base 15.
35a92
Convert a8aa92 (base 12) to base 8.
12144616
What is 3441411124 (base 5) in base 14?
1061289
a2a5 (base 12) to base 9
26238
-1201201321 (base 5) to base 6
-135025221
What is -10101100100001011 (base 2) in base 11?
-60401
Convert -735b81 (base 12) to base 13.
-4b6aa8
Convert 100100101101000001111101 (base 2) to base 12.
32800a5
-1186786 (base 12) to base 16
-3410d6
Convert 287c9 (base 16) to base 13.
5a635
What is -2006050 (base 7) in base 3?
-110001122021
What is 1011212101212101 (base 3) in base 14?
236ba85
566152 (base 7) to base 8
304351
Convert -3d1700 (base 15) to base 3.
-12112102120100
Convert -1140045242 (base 6) to base 15.
-11e7498
-31965 (base 12) to base 15
-1453e
Convert -6133371 (base 9) to base 7.
-36536104
1191b84 (base 12) to base 11
1a2a162
Convert 88853 (base 9) to base 15.
12746
-199a667 (base 12) to base 6
-312220211
63992 (base 11) to base 15
1c86e
Convert 325151521 (base 6) to base 15.
7a752a
1067363 (base 12) to base 6
150534203
-1123241 (base 7) to base 6
-3002022
-10001110000111100 (base 2) to base 8
-216074
What is -1001122112 (base 3) in base 6?
-240405
7eaba (base 15) to base 8
1425122
-3331203301 (base 4) to base 2
-11111101100011110001
What is b9634 (base 13) in base 12?
141a49
Convert -3639478 (base 10) to base 6.
-210001234
What is 20504571 (base 8) in base 14?
8171b3
What is -30055134 (base 6) in base 10?
-847426
Convert 101110101100110011011 (base 2) to base 5.
342432032
What is -4365206 (base 7) in base 3?
-1000021221212
What is -50d662 (base 14) in base 16?
-2998a6
Convert -2006b6 (base 13) to base 6.
-23535141
Convert 143021143 (base 5) to base 2.
10110111011100111111
What is 20452 (base 14) in base 16?
12f78
Convert -1655 (base 7) to base 12.
-485
What is -100031140 (base 6) in base 15?
-233d70
Convert 14746849 (base 10) to base 14.
1d5c305
Convert 11bc3 (base 14) to base 10.
43487
Convert 3b1391 (base 14) to base 10.
2039507
-3243501 (base 6) to base 4
-213123331
11111434 (base 5) to base 15
1de64
Convert -2371281 (base 13) to base 15.
-e6a5c9
2271526 (base 9) to base 3
2022101120220
What is -12bab1 (base 16) in base 7?
-13301355
What is 199859 (base 11) in base 9?
515462
100000000000100010 (base 2) to base 8
400042
Convert 1082074 (base 9) to base 2.
10001110111011101110
Convert -573187 (base 10) to base 7.
-4605046
Convert -1a476 (base 15) to base 5.
-10213021
What is 361253 (base 7) in base 8?
177432
What is -300303123133 (base 4) in base 6?
-1134113251
Convert 103522 (base 10) to base 8.
312142
Convert -361bc (base 13) to base 9.
-161050
What is -2325014 (base 7) in base 15?
-5b8d2
144233234 (base 5) to base 10
774194
-3150031 (base 7) to base 16
-5d355
3023130130 (base 5) to base 2
10111001001010101010100
Convert -51bbf (base 16) to base 4.
-1101232333
734a5 (base 12) to base 15
2eb42
Convert -22420253 (base 7) to base 10.
-1954550
What is 1120121210220 (base 3) in base 16?
ccd1d
-1122331 (base 8) to base 7
-2405206
What is -aff5fc (base 16) in base 4?
-223333113330
What is 777371 (base 9) in base 5?
104332210
-184958 (base 11) to base 16
-457ef
-25b8a2 (base 14) 